 c(0). Let m(x) = 175*x**2. Let r be m(f). Suppose -6*p = -p - r. What is the tens digit of p?
3
Suppose 21 = 2*z - 5. Suppose -z*t + 136 = -11*t. What is the tens digit of t?
6
Let y(j) = j + 100. What is the units digit of y(-24)?
6
Suppose 5*c + 18 = 2*c. Let u = c + 8. Suppose 2 = o, w - 2*o + 2 = u*o. What is the units digit of w?
6
Suppose 0 = -3*l - 0*l + 6, 0 = -3*q + 4*l - 20. Let o(g) = -15*g + 16. What is the tens digit of o(q)?
7
Suppose 21*p + 1934 - 7331 = 0. What is the tens digit of p?
5
Suppose -698*w + 3*b = -700*w + 4023, -2*w + 3*b + 3993 = 0. What is the units digit of w?
4
Let i be -3 - (5 - -3)/4. What is the hundreds digit of 22/(-3)*(-15 - (-15)/i)?
1
Suppose -21*y + 24870 = 9*y. What is the hundreds digit of y?
8
Let x = 27 + -19. Suppose x = -8*j + 72. What is the units digit of j?
8
Suppose 0 = v + 2, h + 4*v - 2*v = 24. What is the units digit of (h/(-5))/((-14)/35)?
4
Let q = -107 - -255. Suppose -9*h + q = -662. What is the units digit of h?
0
Let p be (8/3)/(24/684). Suppose k - p = -0*k. What is the tens digit of k?
7
Suppose -3*h = -3*m + 12, -m - m = 5*h + 6. Suppose -11*u + m*u = 243. What is the units digit of (-98)/(-6) - (-9)/u?
6
Suppose -5 = -5*z, -6*g + g + 2*z = -43. Suppose -l + 29 + g = 0. What is the units digit of l?
8
Let p be 2/(-9) + (-58)/(-18). Suppose t - 16 = -4*g, -p*t + 3 = g - 1. Suppose t*a - 5 = -a. What is the units digit of a?
5
Let r(w) = 28*w**3 + 2*w**2 + 5*w - 2. What is the hundreds digit of r(3)?
7
Let b(m) = -10*m + 1. Let h(f) = 49*f - 5. Let v(j) = 11*b(j) + 2*h(j). What is the tens digit of v(-1)?
1
Let j(d) = d**3 + 3*d**2 - 6*d - 6. Let k be j(-4). Suppose 92 = k*w - 6*w. Let h = 33 + w. What is the tens digit of h?
1
Let r(v) = 2*v**3 - 15*v**2 + 20*v - 9. Let n(y) = -y**3 + 8*y**2 - 10*y + 4. Let s(k) = 5*n(k) + 2*r(k). What is the tens digit of s(6)?
8
Let p(x) = -2*x + 5. Let d be p(0). What is the tens digit of 11 + 3 + d + -1?
1
Suppose -2*y - 2*q = -1248, 9*q + 1856 = 3*y + 8*q. What is the tens digit of y?
2
Suppose 43*w = 61*w - 5400. What is the tens digit of w?
0
Let j(d) = -5*d + 26. What is the hundreds digit of j(-16)?
1
Let q(i) = 229*i**2 + i - 2. Let r = -51 - -52. What is the hundreds digit of q(r)?
2
Let h(y) = -5 - 5 + 2*y + 1 - 3*y. Let a(p) = -p**2 + 3*p + 18. Let w(d) = -2*a(d) - 5*h(d). What is the units digit of w(-5)?
4
Suppose 3*g - 4*l - 1758 = 176, -2*g = 5*l - 1274. What is the hundreds digit of g?
6
Suppose 0 = -3*c + h - 24 + 2, 3*c - 3*h = -24. Let o(v) = v**3 + 7*v**2 - 2*v - 11. What is the units digit of o(c)?
3
Suppose 0 = 2*o - 3*k - 11, 21 - 1 = 3*o - k. Suppose 0 = -f + 11 + o. What is the units digit of f?
8
Let p(f) be the third derivative of f**6/4 + f**5/60 - f**4/24 + 5*f**2. Let c be p(1). Let q = 59 - c. What is the tens digit of q?
2
Let y(k) = 2*k**2 + k - 4. Let s be y(0). What is the tens digit of 0 + 3 - (-22)/s*-38?
1
Suppose -2*d - 61 = 73. Let x = -110 - d. Let b = -11 - x. What is the units digit of b?
2
Let k(o) = 2*o - 4. Suppose -v + 4 = 1. Let q be k(v). What is the tens digit of (-2)/(0 - q/18)?
1
Suppose 6 = 5*i - 4. Suppose -3*t + 3*w = -51, -17 = -t - 2*w - i*w. What is the units digit of t?
7
Suppose -2*u + 6*u = -5*g - 30, -5*g + 15 = -5*u. Let f(l) = l - 1. Let w(x) = -6*x + 13. Let d(n) = g*f(n) - w(n). What is the units digit of d(11)?
3
Let s(y) = 12*y**3 + 2*y**2 + 4*y + 4. What is the thousands digit of s(5)?
1
Suppose -3*g - 20 = 2*g. Let w = 6 + g. Suppose 0 = -4*j + 4*s + 4, 4*s = -3*j + w*j + 6. What is the units digit of j?
2
Let y = 17 - 10. Suppose 2*b = y*b. Suppose b*n + 4*n - 12 = 0. What is the units digit of n?
3
Suppose -15*p + 187108 = 43*p. What is the hundreds digit of p?
2
Suppose -5*n = 3*g - 968, -3*g = 4*n - 9*n - 928. What is the hundreds digit of g?
3
Let g = 274 - -37. What is the units digit of g?
1
Suppose o + 1 = -43. Let x = o + 68. What is the units digit of (20/6)/(4/x)?
0
Let q = 4 - 4. Suppose 4*z - 6 - 170 = q. Suppose -3*p + z = -p. What is the tens digit of p?
2
Let i(b) = 2*b**2 + 32*b - 430. What is the tens digit of i(-38)?
4
Let j be (-24)/20*20/(-6). Suppose j*q - 4*d + 7*d - 1007 = 0, -q + 253 = 2*d. What is the tens digit of q?
5
What is the tens digit of 2396/10*(-75)/(-30)?
9
Let d be (8/6)/((-2)/6). Let s(i) = i**3 + 5*i**2 + 3*i - 2. Let v be s(d). Suppose 4*j - 5*a = 9 + 15, -v*j - 5*a - 18 = 0. What is the units digit of j?
1
Let o be -1 + (-4176)/27 + 2/(-6). What is the units digit of -2*2*o/16?
9
Suppose 6429 = 14*h + 871. What is the tens digit of h?
9
Let o(s) = 39*s + 48. Let y be o(17). Suppose -13*z + 186 + y = 0. What is the tens digit of z?
6
Let k = -22 + 100. Let u be (-6 - -2) + 6 - 56. Let b = u + k. What is the tens digit of b?
2
Suppose -111 = r - 3*u - 567, r + 4*u - 442 = 0. What is the hundreds digit of r?
4
Let d(y) = y**3 - 15*y**2 + 20*y - 28. Let c be d(14). Suppose -28 = -2*a - 2*b, 4*a = -b - 0*b + c. What is the tens digit of a?
1
Let b = 253 - -397. What is the tens digit of b?
5
Let c = -3 - -12. Suppose -11*o + c = -10*o. Suppose 0 = -u + 18 - o. What is the units digit of u?
9
What is the tens digit of 406/28*(-4)/(-2)?
2
Suppose -4*l - p = p - 682, 524 = 3*l + 4*p. Let g = 385 - l. What is the units digit of g?
7
Let q(u) = -95*u + 346. What is the tens digit of q(-18)?
5
Let d = 32 - 15. Let c = 145 - d. What is the hundreds digit of c?
1
Let c(g) = g**2 - 10*g - 19. Let h be c(10). Let n = 41 + h. What is the units digit of n?
2
Let q be ((0 - -1)*0)/(-21 - -18). Suppose q = -r + 4*z + 102, 5*r - 4*r - z = 105. What is the units digit of r?
6
Let w be 6*(3 + 24/(-9)). Let b be (93/w)/(13/(-26)). Let y = -66 - b. What is the units digit of y?
7
Let x(q) = -2*q**2 - 8*q - 1. Let w be x(-4). Let j be 3 + (-1)/(1/w). Suppose j = -z + 3*z. What is the units digit of z?
2
Let m be 395/15 - (-2)/(-6). Suppose -n + s = 2*s + 8, 0 = 3*n + 4*s + m. What is the units digit of (-27)/n*16/12?
6
Let i(s) = -3*s**2 - 3*s + 7. Let v(r) = -8*r**2 - 8*r + 22. Suppose 20 = 2*a + 3*a. Let m(n) = a*v(n) - 11*i(n). What is the units digit of m(0)?
1
Suppose 2*y + u = 4377, u - 1679 - 4886 = -3*y. What is the units digit of y?
8
Suppose 0 = -3*y + y + 168. Let g = -31 + y. Suppose g = 3*o + 8. What is the units digit of o?
5
Suppose -10824 = -4*y + 4*n, -3*y + 8*y - 4*n - 13532 = 0. What is the hundreds digit of y?
7
Suppose -8320 = -3*z + 1448. What is the tens digit of z?
5
Suppose -4*o + 6833 + 1495 = 0. What is the units digit of o?
2
Let o = 1 + -12. Let v = -16 - o. What is the units digit of 32*1 + 5/v?
1
Suppose 0 = -1305*g + 1315*g - 11290. What is the units digit of g?
9
Suppose -16*i + 12*i = -7436. What is the units digit of i?
9
Let x(c) = -6*c + 1464. What is the units digit of x(-29)?
8
Suppose -3*d + 45 = 2*s + 6, 2*d = -5*s + 125. Let q be (-2)/(-3*6/s). Let l = q - -6. What is the units digit of l?
9
Suppose 4*f = -0*g - 2*g, 0 = 5*f + 15. Let o = 51 + -96. What is the units digit of o/(-2)*g/5?
7
Suppose s + 5*a = 4, 0 = 5*s - 5*a + a + 9. Let l(y) = -74*y**3 - y**2 - y - 1. What is the units digit of l(s)?
3
Let n(j) = -2*j**3 - 7*j**2 - 6*j - 4. What is the units digit of n(-11)?
7
Let i(j) = 2*j + 8. Let d be i(-4). Suppose -4*m - 8 = 0, 5*u - u + 5*m - 1006 = d. What is the units digit of u?
4
Let l = -41 - -32. What is the units digit of (-8)/(l/(621/6))?
2
Let r(j) = 21*j + 673. What is the units digit of r(0)?
3
Suppose 5310 = 5*p + x, 0*p - 4*x - 5335 = -5*p. What is the tens digit of p?
6
Let o be (-3 + -1*8/6)*-36. Suppose -b + 2*r = b - o, -3*b - 4*r = -199. What is the tens digit of b?
7
Let q(s) = s**3 - s**2 - 5*s + 5. Let w be q(3). Let n(v) = 10*v - 64. What is the units digit of n(w)?
6
Let d(m) = 140*m**2 + 5. Let t(a) = -28*a**2 - 1. Let q(x) = -2*d(x) - 11*t(x). What is the tens digit of q(-1)?
2
Suppose -o + 30 + 32 = 0. Suppose -6*x = -o - 4. Let p(b) = b**2 - 8*b + 26. What is the tens digit of p(x)?
5
Let f(q) = q**3 + 2*q**2 - q + 217. Suppose -5*p + 22 = -4*u + 6, 2*p - 4*u - 16 = 0. What is the hundreds digit of f(p)?
2
Let n be (-8 - -6)/(2/39). Let m = 83 + n. What is the units digit of m?
4
What is the units digit of 4/1 + (4 - -2205)?
3
Suppose -754 = -x + 2*y, 5*x + 2*y + 190 - 3912 = 0. Wh